of o?
3, 5, 41
Suppose -2*z - r = -3*z + 1055, 5*r + 15 = 0. Let y be (z - (-1 + 3)) + 0. Suppose 0 = 7*q - 13*q + y. What are the prime factors of q?
5, 7
Let v(c) = 9 + 25 - 2*c + 1 + 0*c. Let w be v(15). Suppose b = 5*h - 571, 4*h - w*b - 210 = 2*h. List the prime factors of h.
5, 23
Let a = 5741 - 3539. Suppose -4*b - b - 4*c = -a, 3*b - 2*c - 1308 = 0. List the prime factors of b.
2, 3, 73
Let a(q) be the second derivative of 3/2*q**2 + 0 - 5/6*q**3 - 6*q. What are the prime factors of a(-3)?
2, 3
Let p = -49 - 5. Let h = 106 + -313. Let k = p - h. List the prime factors of k.
3, 17
Let w(q) = 14*q + 124. Let s(j) = -4*j + 1. Let l(u) = 3*s(u) + w(u). List the prime factors of l(25).
3, 59
Suppose 0 = -b + 2*v + 17556 - 5723, 0 = -v + 2. Suppose 1685 = -18*q + b. List the prime factors of q.
2, 3, 47
Let z(q) = q**2 - 28*q + 12518. What are the prime factors of z(0)?
2, 11, 569
Let u be 1/(-10 + 5 + 22/4). Suppose -c - u*b + 881 = -4*b, -5*c = 5*b - 4390. What are the prime factors of c?
3, 293
Let s(y) = 13*y + 133. Let c be s(-9). Let f = 566 + c. What are the prime factors of f?
2, 3, 97
Let o(m) = -9*m - 50. Let n be o(-6). Suppose 0 = n*a - 352 - 128. List the prime factors of a.
2, 3, 5
Let o(a) = -a**3 + 14*a**2 - a + 47. Let x be o(14). List the prime factors of x/(-8) + (-29)/(-232) + 100.
2, 3
Let x be (0/(-2))/(-20 - -22). Suppose 3*k - 6*k + 48 = x. Let q = k - -52. What are the prime factors of q?
2, 17
Suppose 33*b - 21*b + 9456 = 0. Let c = 1518 + b. List the prime factors of c.
2, 5, 73
Suppose 0 = -3*f + 2*m + 262 - 75, f - 61 = m. Let j = f + -73. What are the prime factors of ((-102)/j)/(15/200)?
2, 5, 17
Let z(r) = -2*r**3 + r**2 + 51*r - 20. List the prime factors of z(-6).
2, 71
Let c(x) = 2*x + 7 - 4 + 6 + 57 + 7*x. List the prime factors of c(7).
3, 43
Let l be (5 - 1)*(16/(-2) + 4). Let g(t) = -t**2 - 15*t + 22. Let u be g(l). Let i(k) = k**3 - 3*k**2 + 3*k - 15. List the prime factors of i(u).
3, 37
Suppose 10 = r + a, 11*r = 6*r + 2*a + 57. Suppose -3*h = -2*u - 5 - 2, -5*h = u + 10. Let n = h + r. What are the prime factors of n?
2, 5
List the prime factors of (-238174)/(-24) + -6 + 292/48.
2, 3, 827
Suppose -198*n = 42*n + 56*n - 11738472. What are the prime factors of n?
3, 13219
Let x = -29 - -34. Suppose 4*t + 368 = 4*d - 0*d, -2*t - 454 = -x*d. Let i = 127 - d. List the prime factors of i.
37
Let v(c) = -c**2 + 57*c + 206. What are the prime factors of v(52)?
2, 233
Let f(p) = 6509*p**2 + 25*p - 23. List the prime factors of f(1).
17, 383
Suppose 0 = 3*b + 14*o - 12*o - 12961, 5*b - 3*o - 21608 = 0. What are the prime factors of b?
29, 149
Suppose 0 = 4*i + 20, 0*r = 4*r + i + 33. Let q(b) = b**3 + 6*b**2 - 19*b + 9. Let t be q(r). Suppose 6*u + t = 453. What are the prime factors of u?
2, 3, 5
Suppose 165*w - 161*w + 74058 = 2*k, 2*k + w - 74013 = 0. What are the prime factors of k?
3, 13, 73
Suppose -6871 = -10*l - 1361. Let b = l - 73. List the prime factors of b.
2, 239
Let o(d) be the first derivative of 19*d**4/4 - 2*d**3 - 5*d**2/2 + 8*d - 62. List the prime factors of o(4).
2, 277
Suppose -5*a - 43 + 33 = -h, h - 8 = 4*a. Suppose 6*y - y - 3758 = 4*o, -2*y - 4*o + 1520 = h. What are the prime factors of y?
2, 13, 29
Let y be (-4)/26 + (-3597)/(-143). Let u = y + -22. Suppose -135 = -u*q - 3*z, -z - z = -4*q + 168. What are the prime factors of q?
43
Suppose 14*v - 31 = -3. What are the prime factors of (-4)/16*v*2 - -654?
653
Suppose -30 = 16*d - 110. Suppose -5*h = d*g - 7370, -532 = -g - 5*h + 942. List the prime factors of g.
2, 11, 67
Let b(c) = 37*c + 1290. List the prime factors of b(26).
2, 563
Let b(o) = -245*o**3 - 3*o**2 + 76*o + 366. List the prime factors of b(-5).
2, 11, 347
Let l(y) = -y + 1. Let s(w) = -2*w**2 - 8*w + 16. Let m(f) = -10*l(f) + s(f). Let g be m(-2). List the prime factors of ((-2)/g)/1*(-870)/(-10).
29
Let w = 107385 + -63336. List the prime factors of w.
3, 14683
Let s(y) = -14*y - 225. Suppose v + 38 = h, -8*h = 2*v - 9*h + 76. What are the prime factors of s(v)?
307
Suppose 0 = -4*p + 2*o + 21 - 49, 0 = -p - 5*o - 29. Let q be 18/(-3)*6/p*-2. Let u(s) = -9*s + 7. List the prime factors of u(q).
79
Let h = 1272 + 1035. Let u be h/2 + (-1)/(-2). Suppose 4*c - u = -c - 2*o, 0 = 4*c - 3*o - 937. List the prime factors of c.
2, 29
Let k(p) = p**3 - 17*p**2 + 46*p - 409. What are the prime factors of k(27)?
8123
Suppose 735 = -n + 6*n. Suppose 5*x - 538 - n = 0. What are the prime factors of x?
137
Suppose 29*j - 74*j = -174690. List the prime factors of j.
2, 3, 647
List the prime factors of (-3)/(9094512/(-606298) - -15).
11, 31, 127
What are the prime factors of 32526/(-4)*31/279*-24?
2, 3, 13, 139
Suppose 732*d - 47834 = 369*d + 361*d. What are the prime factors of d?
23917
Suppose -633800 = -104*q - 595802 + 1213954. List the prime factors of q.
2, 13, 463
Suppose 0 = 5*x + p - 17 + 2, 3*p = -4*x + 12. Suppose -x*c - 52 - 9 = -2*t, 3*t = -2*c + 72. Suppose -t = -3*h + 58. List the prime factors of h.
2, 7
Let t(d) = d**3 + 9*d**2 - 18*d - 132. List the prime factors of t(19).
2, 4817
Suppose 2818625 = 64*j + 61*j. What are the prime factors of j?
22549
What are the prime factors of 3*39/((-546)/(-4))*(36828 - 1)?
2, 3, 5261
Suppose 4*y - 42514 = -2*o, 7*o = -2*y + 5*o + 21260. What are the prime factors of y?
10627
What are the prime factors of 29166*28/336*6?
3, 4861
Let m = 9 - -2. Let y = -132 - -180. Let v = y - m. What are the prime factors of v?
37
Suppose -5*y = 3*g + 4 - 34, 3*y - 14 = -g. Suppose 0 = 2*o - y*o + 21. List the prime factors of (-36)/(-63) - (-1752)/o.
2, 3, 7
Suppose 352*a - 42492 = 350*a. List the prime factors of a.
2, 3, 3541
Suppose -233*u + 6840077 = -1290618 + 210559. List the prime factors of u.
2, 7, 607
Let d = -1075 - -1078. Suppose 2*s - 104 = 176. Suppose 0 = -d*g + 2*k + 450, 0*g - 4*k = -g + s. What are the prime factors of g?
2, 19
Let r be 4/14*(17 - 10). Let q(j) = 118*j**3 - 4*j**2 + 15*j - 3. List the prime factors of q(r).
5, 191
Let g(o) = -12*o - 1 + 4*o + 7*o + 31. Let k(i) = 2*i - 31. Let p(j) = 5*g(j) + 4*k(j). What are the prime factors of p(-8)?
2
Suppose 5504 = 3*v - 5*c - 16466, -4*c + 21979 = 3*v. What are the prime factors of v?
5, 293
Let t(p) = -p. Let m(f) = f**2 - 14*f + 11. Let n(i) = -m(i) + 5*t(i). Let k be n(7). Suppose k*d = -3*d + 660. What are the prime factors of d?
2, 5, 11
Suppose 4 = -2*h + 2*t, -8 = -2*h + 7*h - 4*t. Let v = -75 - -91. Suppose 12*l - v*l + 236 = h. What are the prime factors of l?
59
Suppose -8530*i + 8504*i + 869076 = 0. What are the prime factors of i?
2, 3, 619
Suppose 5*j - 30*m + 27*m - 18136 = 0, 0 = -2*j - 5*m + 7304. List the prime factors of j.
2, 227
Let g(s) = -4*s**3 - 3*s**2 + 4*s - 3. Let m be g(2). Let y = 394 - m. What are the prime factors of y?
433
Suppose -3*t - 2607 = 4*b, -68 + 937 = -t + 5*b. Let r = -518 - t. Suppose -r = -5*o + 264. List the prime factors of o.
3, 41
Let k(y) = -463*y + 22. Let z(b) = -924*b + 45. Let x(i) = -7*k(i) + 3*z(i). List the prime factors of x(1).
2, 3, 5
Let c be (-3 - -4)/((-4)/(-20)). Suppose 5*o = -c, 0 = -2*x - 0*o + 5*o + 293. Suppose 4*t - x = t. What are the prime factors of t?
2, 3
Let m(n) = n**3 - 8*n**2 - 21*n - 2. Let j be m(10). Let c be 8/j*12/(-8). What are the prime factors of (-14)/(-2)*(5 + c)?
2, 3, 7
Suppose -b + 47470 = 3*u, 35*u - 37*u + 31643 = -3*b. What are the prime factors of u?
15823
Let n(p) = 24*p**2 + 12*p**2 + 31*p**2 + 49*p**2 + 1. Let y be n(1). Suppose 0 = 3*x + 3, -y - 436 = -4*l - 3*x. What are the prime factors of l?
139
List the prime factors of 580*(3965/366 + (-1)/(-6)).
2, 5, 11, 29
Suppose 8 = 2*x, 4*n - 2*x - 8 = -4. Let k be (n/(-3))/(3/9) - -1. List the prime factors of (6*-1)/(k/28).
2, 3, 7
Let p(o) = 467*o**2 - 12*o - 4. Let a be p(4). Suppose -a = -27*v + 1355. List the prime factors of v.
5, 13
Let d(r) = 2*r**3 - 5*r**2 + 22*r + 11. Let z be d(-6). List the prime factors of 6/63 - z/21.
5, 7
Let p(f) = -9*f**3 - 25*f**2 - 26*f - 33. List the prime factors of p(-6).
3, 389
Suppose -122*b - 230685 = -135*b. What are the prime factors of b?
3, 5, 7, 13
Let h(q) = q**3 + 57*q**2 - 31*q + 40. What are the prime factors of h(-56)?
2, 307
Let o(m) = -60*m - 78. Let j = 651 - 655.